NOAA-Style Climate Reports
Select a Year or Month report
2024: Gen Feb Mar Apr Mag Giu Lug Ago Set Ott Nov Dic
2023: Gen Feb Mar Apr Mag Giu Lug Ago Set Ott Nov Dic
2022: Gen Feb Mar Apr Mag Giu Lug Ago Set Ott Nov Dic
2021: Gen Feb Mar Apr Mag Giu Lug Ago Set Ott Nov Dic
2020: Gen Feb Mar Apr Mag Giu Lug Ago Set Ott Nov Dic
2024: Gen Feb Mar Apr Mag Giu Lug Ago Set Ott Nov Dic
2023: Gen Feb Mar Apr Mag Giu Lug Ago Set Ott Nov Dic
2022: Gen Feb Mar Apr Mag Giu Lug Ago Set Ott Nov Dic
2021: Gen Feb Mar Apr Mag Giu Lug Ago Set Ott Nov Dic
2020: Gen Feb Mar Apr Mag Giu Lug Ago Set Ott Nov Dic
Report for 2022 Luglio
Monthly Climatological Summary for Jul 2022 Name: meteocentromacerata City: Macerata State: Italia Elevation: 275 m Lat: N 43° 17' 56" Lon: E 013° 27' 10" Temperature (°C), Rain (mm), Wind Speed (km/h) Heat Cool Avg Mean Deg Deg Wind Dom Day Temp High Time Low Time Days Days Rain Speed High Time Dir ---------------------------------------------------------------------------------- 01 28.9 33.4 13:13 24.0 03:05 0.0 10.6 0.0 4.7 22.0 12:03 SE 02 29.2 34.8 14:48 25.0 06:21 0.0 10.9 0.0 2.6 18.4 00:31 N 03 29.6 36.2 14:03 24.9 05:14 0.0 11.3 0.0 1.9 14.8 15:23 ENE 04 30.5 37.6 13:12 25.6 04:59 0.0 12.2 0.0 2.0 18.4 17:01 E 05 28.9 34.8 14:23 24.3 03:05 0.0 10.6 0.0 1.9 13.3 09:19 NE 06 26.8 32.6 12:30 23.3 06:21 0.0 8.5 0.0 2.5 18.4 11:02 ESE 07 24.4 30.9 14:26 15.4 22:32 0.2 6.3 28.2 4.1 29.5 22:14 SE 08 21.8 26.2 12:31 16.2 00:00 0.1 3.7 0.0 2.9 22.0 13:22 SE 09 22.5 27.5 14:42 18.6 06:02 0.0 4.2 0.0 1.9 18.4 16:28 ENE 10 23.4 29.6 15:39 18.6 04:40 0.0 5.1 0.0 2.6 17.3 19:46 SE 11 23.1 27.7 13:07 19.4 02:49 0.0 4.8 0.0 6.5 24.5 13:56 SE 12 22.2 25.7 11:35 19.5 23:43 0.0 3.9 4.5 5.1 22.0 09:34 SE 13 23.8 30.2 16:10 19.1 06:26 0.0 5.5 0.0 2.0 18.4 10:48 SE 14 26.3 32.8 13:29 21.2 02:54 0.0 8.0 0.0 3.5 20.9 14:27 SE 15 29.5 36.0 12:28 24.2 04:23 0.0 11.2 0.0 3.8 20.9 14:55 SE 16 30.0 35.4 13:47 26.8 05:53 0.0 11.7 0.0 4.3 22.0 14:50 SE 17 28.4 33.4 13:54 23.7 05:42 0.0 10.1 0.0 2.3 17.3 11:27 ESE 18 27.0 32.6 15:10 22.5 06:14 0.0 8.7 0.0 2.4 18.4 13:24 ESE 19 27.2 33.3 13:23 22.8 05:45 0.0 8.9 0.0 1.7 17.3 14:00 E 20 27.8 34.5 13:44 22.4 04:43 0.0 9.5 0.0 2.5 18.4 12:55 ESE 21 29.2 35.6 12:32 23.5 06:05 0.0 10.9 0.0 1.9 17.3 16:41 ESE 22 30.4 37.2 14:09 24.6 04:24 0.0 12.1 0.0 2.5 20.9 16:29 ESE 23 32.6 39.2 12:03 28.5 05:07 0.0 14.3 0.0 4.2 24.5 13:02 SSE 24 31.8 37.1 11:58 28.0 06:12 0.0 13.5 0.0 3.5 20.9 01:25 WNW 25 31.1 37.6 13:18 25.9 06:15 0.0 12.8 0.0 3.0 18.4 15:03 ESE 26 30.5 37.3 13:10 27.2 21:03 0.0 12.2 0.0 4.3 20.9 03:52 WSW 27 24.7 32.8 11:46 18.4 13:43 0.0 6.4 35.1 2.0 35.6 13:27 NNW 28 25.8 31.3 13:34 21.2 00:23 0.0 7.5 0.0 2.1 17.3 13:53 E 29 26.6 33.5 12:58 22.7 05:47 0.0 8.3 2.7 1.9 13.3 13:45 SSE 30 24.5 26.6 12:32 20.6 15:41 0.0 6.2 12.3 1.2 13.3 13:19 SSE 31 25.6 32.0 14:05 21.0 05:00 0.0 7.3 0.0 2.0 25.6 16:57 SE ---------------------------------------------------------------------------------- 27.2 39.2 23 15.4 7 0.3 277.2 82.8 2.9 35.6 27 SE Max >= 27.0 28 Max <= 0.0 0 Min <= 0.0 0 Min <= -18.0 0 Max Rain: 35.1 on day 27 Days of Rain: 5 (>= 0.2 mm) 5 (>= 2.0 mm) 2 (>= 20.0 mm) Heat Base: 18.3 Cool Base: 18.3 Method: Integration