^^

NOAA-Style Climate Reports

Select a Year or Month report
2022: Jan Feb Mar Apr May Jun Jul Aug Sep Oct Nov Dec
2021: Jan Feb Mar Apr May Jun Jul Aug Sep Oct Nov Dec
2020: Jan Feb Mar Apr May Jun Jul Aug Sep Oct Nov Dec

Report for 2022 August
                   Monthly Climatological Summary for Aug 2022

Name: meteocentromacerata   City: Macerata   State: Italia
Elevation: 275 m  Lat: N 43° 17' 56"   Lon: E 013° 27' 10"

                  Temperature (°C), Rain (mm), Wind Speed (km/h)

                                      Heat  Cool        Avg
    Mean                              Deg   Deg         Wind                 Dom
Day Temp  High   Time   Low    Time   Days  Days  Rain  Speed High   Time    Dir
----------------------------------------------------------------------------------
01  27.7  34.0   15:34  22.0   03:36   0.0   9.4   0.0   3.3  24.5   16:08    SE
02  27.3  33.9   11:32  23.7   06:28   0.0   9.1   0.0   3.0  13.3   09:31    SE
03  27.2  33.5   14:56  22.5   05:02   0.0   8.5   0.0   1.9  17.3   14:58   ENE
04  28.0  35.0   13:17  23.3   01:00   0.0   9.7   0.0   2.2  14.8   14:15   ESE
05  28.9  36.0   13:18  23.2   05:01   0.0  10.6   0.0   2.6  18.4   15:00    SE
06  30.2  36.9   15:24  24.4   04:21   0.0  11.9   0.0   1.9  13.3   10:20     N
07  27.5  33.1   13:14  23.8   06:04   0.0   9.2   0.0   2.0  18.4   14:26    NE
08  25.2  33.4   13:28  19.1   19:41   0.0   6.9   3.3   2.4  20.9   18:38   WNW
09  24.6  30.1   13:47  20.0   04:02   0.0   6.3   0.0   2.2  17.3   13:55   SSW
10  25.5  31.6   14:34  21.2   06:14   0.0   7.2   0.0   1.7  17.3   14:59   NNW
11  25.2  31.3   12:55  20.8   05:39   0.0   6.9   0.0   1.7  13.3   22:00   ENE
12  24.1  29.9   14:34  20.9   06:03   0.0   5.8   0.0   1.8  17.3   14:45   NNE
----------------------------------------------------------------------------------
    26.8  36.9     6    19.1     8     0.0 101.5   3.3   2.2  24.5     1       E

Max >=  27.0 12
Max <=   0.0  0
Min <=   0.0  0
Min <= -18.0  0
Max Rain: 3.3 on day 8
Days of Rain: 1 (>= 0.2 mm)  1 (>= 2.0 mm)  0 (>= 20.0 mm)
Heat Base: 18.3  Cool Base: 18.3  Method: Integration