NOAA-Style Climate Reports
Select a Year or Month report
2024: Gen Feb Mar Apr Mag Giu Lug Ago Set Ott Nov Dic
2023: Gen Feb Mar Apr Mag Giu Lug Ago Set Ott Nov Dic
2022: Gen Feb Mar Apr Mag Giu Lug Ago Set Ott Nov Dic
2021: Gen Feb Mar Apr Mag Giu Lug Ago Set Ott Nov Dic
2020: Gen Feb Mar Apr Mag Giu Lug Ago Set Ott Nov Dic
2024: Gen Feb Mar Apr Mag Giu Lug Ago Set Ott Nov Dic
2023: Gen Feb Mar Apr Mag Giu Lug Ago Set Ott Nov Dic
2022: Gen Feb Mar Apr Mag Giu Lug Ago Set Ott Nov Dic
2021: Gen Feb Mar Apr Mag Giu Lug Ago Set Ott Nov Dic
2020: Gen Feb Mar Apr Mag Giu Lug Ago Set Ott Nov Dic
Report for 2022 Giugnio
Monthly Climatological Summary for Jun 2022 Name: meteocentromacerata City: Macerata State: Italia Elevation: 275 m Lat: N 43° 17' 56" Lon: E 013° 27' 10" Temperature (°C), Rain (mm), Wind Speed (km/h) Heat Cool Avg Mean Deg Deg Wind Dom Day Temp High Time Low Time Days Days Rain Speed High Time Dir ---------------------------------------------------------------------------------- 01 23.2 28.8 12:30 18.5 00:51 0.0 4.9 0.0 3.5 22.0 14:47 SE 02 25.9 31.7 12:02 21.5 00:00 0.0 7.6 0.0 3.3 20.9 15:42 SE 03 26.1 33.5 12:23 21.8 05:38 0.0 7.8 0.0 2.6 20.9 13:05 ESE 04 25.4 32.9 13:48 21.0 06:31 0.0 7.1 0.0 2.8 18.4 14:39 ESE 05 28.4 32.9 13:17 23.2 04:28 0.0 10.1 0.0 3.0 28.1 17:07 WSW 06 27.1 31.6 11:26 23.2 05:35 0.0 8.8 0.0 2.9 20.9 01:30 NW 07 25.5 32.9 13:22 19.9 23:10 0.0 7.2 0.0 3.2 18.4 10:09 W 08 23.1 29.2 12:49 18.7 04:05 0.0 4.8 0.0 2.6 18.4 10:14 SE 09 17.6 20.9 01:06 15.7 21:40 1.0 0.3 42.3 2.6 17.3 01:06 SW 10 18.3 23.3 16:26 15.4 03:48 1.0 1.0 0.6 2.3 22.0 13:44 SE 11 22.2 26.8 16:38 16.9 06:01 0.2 3.8 0.0 1.9 20.9 11:57 SE 12 23.8 29.3 14:38 18.9 05:25 0.0 5.5 0.0 1.9 13.3 10:02 ESE 13 25.4 32.0 13:41 20.5 05:49 0.0 7.1 0.0 2.5 17.3 12:59 SE 14 24.6 28.8 12:41 20.5 05:01 0.0 6.3 0.0 2.6 18.4 13:09 ESE 15 24.3 30.7 14:04 19.3 04:52 0.0 5.8 0.0 3.7 20.9 12:04 SE 16 27.2 33.3 13:32 22.2 04:46 0.0 8.8 0.0 ---- 18.4 16:05 SE 17 27.1 32.2 13:34 23.1 07:09 0.0 8.8 0.0 ---- 17.3 12:59 ESE 18 25.0 31.2 13:51 21.6 23:49 0.0 6.7 0.0 ---- 14.8 10:39 ESE 19 24.7 31.6 13:01 19.6 03:57 0.0 6.4 0.0 ---- 22.0 16:24 SE 20 28.5 34.9 15:37 22.3 00:37 0.0 10.2 0.0 ---- 28.1 22:01 W 21 28.9 36.0 14:44 24.7 05:12 0.0 10.6 0.0 ---- 24.5 04:37 W 22 28.4 33.9 12:57 25.1 00:09 0.0 10.1 0.0 ---- 18.4 15:24 SSE 23 27.9 34.7 13:36 24.6 05:05 0.0 9.6 0.0 ---- 17.3 13:24 SSE 24 29.8 36.3 15:35 25.0 05:24 0.0 11.4 0.0 ---- 33.1 23:17 W 25 25.8 31.7 14:41 22.7 06:22 0.0 7.5 0.0 ---- 28.1 01:53 S 26 27.7 33.6 12:24 22.9 00:12 0.0 9.4 0.0 ---- 22.0 13:47 SE 27 29.0 36.9 21:33 23.5 03:23 0.0 10.7 0.0 ---- 25.6 16:53 SE 28 28.9 37.1 12:12 24.2 22:36 0.0 10.6 0.0 ---- 14.8 11:59 ESE 29 27.1 33.6 12:56 23.8 01:47 0.0 8.8 0.0 ---- 31.7 05:00 SW 30 27.6 33.9 12:16 22.3 02:49 0.0 9.3 0.0 ---- 22.0 13:04 SE ---------------------------------------------------------------------------------- 25.8 37.1 28 15.4 10 2.2 227.0 42.9 2.7 33.1 24 SSE Max >= 27.0 27 Max <= 0.0 0 Min <= 0.0 0 Min <= -18.0 0 Max Rain: 42.3 on day 9 Days of Rain: 2 (>= 0.2 mm) 1 (>= 2.0 mm) 1 (>= 20.0 mm) Heat Base: 18.3 Cool Base: 18.3 Method: Integration