NOAA-Style Climate Reports
Select a Year or Month report
2024: Gen Feb Mar Apr Mag Giu Lug Ago Set Ott Nov Dic
2023: Gen Feb Mar Apr Mag Giu Lug Ago Set Ott Nov Dic
2022: Gen Feb Mar Apr Mag Giu Lug Ago Set Ott Nov Dic
2021: Gen Feb Mar Apr Mag Giu Lug Ago Set Ott Nov Dic
2020: Gen Feb Mar Apr Mag Giu Lug Ago Set Ott Nov Dic
2024: Gen Feb Mar Apr Mag Giu Lug Ago Set Ott Nov Dic
2023: Gen Feb Mar Apr Mag Giu Lug Ago Set Ott Nov Dic
2022: Gen Feb Mar Apr Mag Giu Lug Ago Set Ott Nov Dic
2021: Gen Feb Mar Apr Mag Giu Lug Ago Set Ott Nov Dic
2020: Gen Feb Mar Apr Mag Giu Lug Ago Set Ott Nov Dic
Report for 2021 Agosto
Monthly Climatological Summary for Aug 2021 Name: meteocentromacerata City: Macerata State: Italia Elevation: 275 m Lat: N 43° 17' 56" Lon: E 013° 27' 10" Temperature (°C), Rain (mm), Wind Speed (km/h) Heat Cool Avg Mean Deg Deg Wind Dom Day Temp High Time Low Time Days Days Rain Speed High Time Dir ---------------------------------------------------------------------------------- 01 30.1 35.1 14:04 24.7 23:57 0.0 11.8 0.0 8.3 46.4 16:56 WSW 02 24.8 31.9 13:26 20.7 06:17 0.0 6.5 0.0 5.3 24.5 09:42 SSE 03 25.0 30.3 12:55 21.2 06:20 0.0 6.7 0.0 4.2 25.6 15:24 SSE 04 25.5 30.2 12:53 21.7 06:05 0.0 7.2 0.0 5.5 25.6 14:31 SE 05 26.2 30.8 13:13 22.2 05:54 0.0 7.9 0.0 5.1 29.5 10:27 W 06 25.0 32.4 14:23 20.6 06:06 0.0 6.7 0.0 6.0 29.5 00:58 WSW 07 26.9 32.2 15:01 23.0 07:03 0.0 8.6 0.0 7.0 28.1 16:09 SSE 08 30.1 35.7 14:21 25.1 01:30 0.0 11.8 0.0 4.0 20.9 14:00 SSE 09 28.6 33.7 14:27 24.8 07:18 0.0 10.3 0.0 4.2 24.5 13:41 SE 10 28.2 34.0 12:49 24.5 22:28 0.0 9.9 0.0 2.7 25.6 14:05 ESE 11 28.6 35.0 14:33 23.5 06:42 0.0 10.3 0.0 1.6 17.3 14:06 NE 12 29.0 35.2 12:02 24.9 04:33 0.0 10.7 0.0 3.0 20.9 13:51 ESE 13 29.4 36.1 14:01 24.6 03:13 0.0 11.1 0.0 2.1 17.3 12:34 ESE 14 30.2 37.4 14:19 25.6 06:31 0.0 11.9 0.0 2.8 18.4 15:41 ESE 15 32.0 38.3 13:31 26.6 02:13 0.0 13.7 0.0 3.6 18.4 14:59 SSE 16 32.1 38.9 14:24 27.8 23:55 0.0 13.8 0.0 5.7 29.5 11:08 SW 17 27.3 32.8 13:19 22.7 23:59 0.0 9.0 0.0 3.3 31.7 00:35 W 18 24.4 30.0 12:26 20.4 05:36 0.0 6.0 0.0 2.3 17.3 12:59 SE 19 24.7 31.5 14:07 19.6 05:42 0.0 6.4 0.0 1.7 14.8 11:39 ESE 20 25.8 32.8 14:04 20.8 06:06 0.0 7.5 0.0 1.4 17.3 16:19 NNE 21 26.7 33.2 13:37 21.7 05:47 0.0 8.4 0.0 1.4 17.3 14:24 ENE 22 27.9 35.0 14:28 21.9 06:21 0.0 9.6 0.0 4.2 24.5 15:16 SE 23 25.7 31.8 12:47 19.4 20:33 0.0 7.4 15.9 3.8 25.6 13:20 SSW 24 21.3 25.4 13:00 19.1 07:40 0.0 3.0 24.6 1.5 11.2 13:34 WNW 25 21.3 26.5 14:08 17.9 07:36 0.0 3.0 8.1 1.7 18.4 14:59 SE 26 22.2 27.4 14:07 17.5 06:06 0.0 4.0 0.0 4.0 20.9 14:12 SE 27 21.3 29.0 12:28 15.8 21:59 0.3 3.3 14.1 3.3 25.6 05:29 WNW 28 16.5 18.9 11:23 15.2 07:00 1.8 0.0 7.2 1.4 13.3 12:21 W 29 18.6 24.3 14:55 14.7 06:07 1.2 1.5 0.0 1.8 17.3 13:16 SSW 30 20.3 28.1 13:46 14.6 05:47 0.9 2.9 0.0 4.3 20.9 21:03 SSE 31 21.3 28.9 13:06 16.1 22:50 0.2 3.2 5.1 2.5 22.0 15:30 SE ---------------------------------------------------------------------------------- 25.7 38.9 16 14.6 30 4.4 234.1 75.0 3.5 46.4 1 S Max >= 27.0 27 Max <= 0.0 0 Min <= 0.0 0 Min <= -18.0 0 Max Rain: 24.6 on day 24 Days of Rain: 6 (>= 0.2 mm) 6 (>= 2.0 mm) 1 (>= 20.0 mm) Heat Base: 18.3 Cool Base: 18.3 Method: Integration