NOAA-Style Climate Reports
Select a Year or Month report
2024: Gen Feb Mar Apr Mag Giu Lug Ago Set Ott Nov Dic
2023: Gen Feb Mar Apr Mag Giu Lug Ago Set Ott Nov Dic
2022: Gen Feb Mar Apr Mag Giu Lug Ago Set Ott Nov Dic
2021: Gen Feb Mar Apr Mag Giu Lug Ago Set Ott Nov Dic
2020: Gen Feb Mar Apr Mag Giu Lug Ago Set Ott Nov Dic
2024: Gen Feb Mar Apr Mag Giu Lug Ago Set Ott Nov Dic
2023: Gen Feb Mar Apr Mag Giu Lug Ago Set Ott Nov Dic
2022: Gen Feb Mar Apr Mag Giu Lug Ago Set Ott Nov Dic
2021: Gen Feb Mar Apr Mag Giu Lug Ago Set Ott Nov Dic
2020: Gen Feb Mar Apr Mag Giu Lug Ago Set Ott Nov Dic
Report for 2020 Novembre
Monthly Climatological Summary for Nov 2020 Name: City: State: Elevation: 275 m Lat: N 43° 17' 56" Lon: E 013° 27' 10" Temperature (°C), Rain (mm), Wind Speed (km/h) Heat Cool Avg Mean Deg Deg Wind Dom Day Temp High Time Low Time Days Days Rain Speed High Time Dir ---------------------------------------------------------------------------------- 20 9.8 15.1 11:03 8.0 23:54 4.6 0.0 0.0 1.1 13.0 22:02 ENE 21 7.7 12.6 13:12 5.0 23:57 10.6 0.0 56.1 1.0 15.0 00:18 E 22 7.1 11.9 15:08 3.9 06:09 11.1 0.0 0.0 1.2 13.0 11:43 SSE 23 8.2 13.7 14:28 4.0 03:18 10.1 0.0 0.0 1.7 11.0 12:40 ESE 24 8.2 11.5 14:37 6.9 05:47 10.1 0.0 0.0 1.2 13.0 05:18 NO 25 9.5 14.5 13:26 7.4 00:00 8.8 0.0 0.0 1.1 10.0 13:01 N 26 9.9 15.1 14:10 7.5 04:53 8.4 0.0 0.0 1.7 10.0 05:28 NNO 27 9.1 14.1 14:05 6.7 04:33 9.1 0.0 0.0 1.1 10.0 23:39 ESE 28 10.1 14.0 13:32 8.3 23:44 8.2 0.0 0.0 2.1 21.0 11:27 ESE 29 8.5 9.9 12:58 7.5 05:34 9.8 0.0 8.7 1.4 13.0 06:53 NNO 30 7.9 12.6 13:17 5.4 21:20 10.3 0.0 0.0 1.1 15.0 05:52 OSO ---------------------------------------------------------------------------------- 8.7 15.1 20 3.9 22 101.1 0.0 64.8 1.3 21.0 28 ENE Max >= 27.0 0 Max <= 0.0 0 Min <= 0.0 0 Min <= -18.0 0 Max Rain: 56.1 on day 21 Days of Rain: 2 (>= 0.2 mm) 2 (>= 2.0 mm) 1 (>= 20.0 mm) Heat Base: 18.3 Cool Base: 18.3 Method: Integration