NOAA-Style Climate Reports
Select a Year or Month report
2024: Gen Feb Mar Apr Mag Giu Lug Ago Set Ott Nov Dic
2023: Gen Feb Mar Apr Mag Giu Lug Ago Set Ott Nov Dic
2022: Gen Feb Mar Apr Mag Giu Lug Ago Set Ott Nov Dic
2021: Gen Feb Mar Apr Mag Giu Lug Ago Set Ott Nov Dic
2020: Gen Feb Mar Apr Mag Giu Lug Ago Set Ott Nov Dic
2024: Gen Feb Mar Apr Mag Giu Lug Ago Set Ott Nov Dic
2023: Gen Feb Mar Apr Mag Giu Lug Ago Set Ott Nov Dic
2022: Gen Feb Mar Apr Mag Giu Lug Ago Set Ott Nov Dic
2021: Gen Feb Mar Apr Mag Giu Lug Ago Set Ott Nov Dic
2020: Gen Feb Mar Apr Mag Giu Lug Ago Set Ott Nov Dic
Report for 2022 Maggio
Monthly Climatological Summary for May 2022 Name: meteocentromacerata City: Macerata State: Italia Elevation: 275 m Lat: N 43° 17' 56" Lon: E 013° 27' 10" Temperature (°C), Rain (mm), Wind Speed (km/h) Heat Cool Avg Mean Deg Deg Wind Dom Day Temp High Time Low Time Days Days Rain Speed High Time Dir ---------------------------------------------------------------------------------- 01 13.9 18.0 11:27 11.8 21:50 4.4 0.0 1.8 1.2 13.3 11:52 WSW 02 14.9 21.6 14:21 10.4 03:30 3.8 0.3 0.0 1.5 17.3 16:01 NE 03 16.6 23.7 14:34 12.3 05:18 2.6 0.9 0.0 1.9 14.8 17:18 ESE 04 17.2 23.2 12:51 12.9 02:22 2.0 0.9 0.0 1.8 18.4 13:10 SE 05 14.7 17.6 14:13 12.8 19:47 3.6 0.0 2.4 3.3 13.3 15:37 SE 06 13.4 14.8 11:06 12.4 21:23 4.9 0.0 4.5 4.6 24.5 17:34 ESE 07 14.0 16.6 14:06 12.5 23:41 4.3 0.0 0.3 1.7 17.3 07:51 ESE 08 15.4 20.1 15:58 12.0 03:20 3.1 0.2 0.0 1.5 14.8 09:03 ESE 09 17.7 23.7 13:04 12.9 03:33 1.9 1.3 0.0 1.6 13.3 13:07 NE 10 19.9 25.9 15:22 14.8 06:01 0.9 2.5 0.0 1.5 14.8 12:03 NE 11 21.5 28.2 12:56 16.8 03:30 0.3 3.5 0.0 2.3 17.3 14:40 SE 12 23.1 30.2 14:18 18.9 05:34 0.0 4.8 0.0 4.3 22.0 08:06 W 13 22.8 29.8 13:02 18.9 05:09 0.0 4.5 0.0 4.0 18.4 03:07 WSW 14 23.3 29.0 13:56 19.2 04:48 0.0 4.9 0.0 2.0 17.3 01:59 WNW 15 23.1 29.2 13:45 18.0 05:46 0.0 4.8 0.0 2.2 17.3 14:11 ESE 16 24.2 30.5 13:00 19.6 05:48 0.0 5.9 0.0 3.3 18.4 15:43 SSE 17 23.7 29.6 13:02 19.8 05:33 0.0 5.4 0.0 3.2 18.4 02:38 WSW 18 21.6 26.1 15:58 17.6 23:25 0.0 3.3 0.0 1.5 14.8 10:13 ESE 19 19.4 25.7 13:01 15.6 05:49 0.7 1.8 0.0 3.0 22.0 15:45 SE 20 22.5 30.1 14:10 16.0 02:42 0.4 4.6 0.0 ---- 17.3 23:44 SE 21 24.7 31.6 14:55 20.6 05:32 0.0 6.4 0.0 ---- 28.1 05:18 W 22 24.9 31.1 12:08 20.9 05:39 0.0 6.6 0.0 ---- 24.5 01:00 W 23 25.7 33.0 12:47 21.7 05:52 0.0 7.4 0.0 ---- 20.9 11:54 SSW 24 24.5 30.5 14:22 20.1 05:27 0.0 6.2 0.0 ---- 18.4 13:43 ESE 25 24.5 30.6 14:52 19.4 07:16 0.0 6.2 0.0 ---- 22.0 13:26 SE 26 22.9 29.0 15:04 19.5 07:10 0.0 4.6 0.0 ---- 13.3 12:24 ESE 27 23.1 29.3 14:15 19.0 05:30 0.0 4.7 0.0 ---- 13.3 13:28 ESE 28 22.9 29.3 14:16 16.9 23:56 0.1 4.7 3.0 ---- 24.5 13:47 SE 29 17.3 21.8 14:55 14.9 23:18 1.3 0.4 7.2 ---- 18.4 10:45 E 30 18.1 24.4 13:16 14.4 03:31 1.3 1.1 1.2 ---- 22.0 15:17 SE 31 20.5 26.4 15:25 16.6 05:03 0.3 2.5 0.0 ---- 13.3 11:35 ESE ---------------------------------------------------------------------------------- 20.4 33.0 23 10.4 2 35.9 100.4 20.4 2.4 28.1 21 SE Max >= 27.0 16 Max <= 0.0 0 Min <= 0.0 0 Min <= -18.0 0 Max Rain: 7.2 on day 29 Days of Rain: 7 (>= 0.2 mm) 4 (>= 2.0 mm) 0 (>= 20.0 mm) Heat Base: 18.3 Cool Base: 18.3 Method: Integration