NOAA-Style Climate Reports
Select a Year or Month report
2024: Gen Feb Mar Apr Mag Giu Lug Ago Set Ott Nov Dic
2023: Gen Feb Mar Apr Mag Giu Lug Ago Set Ott Nov Dic
2022: Gen Feb Mar Apr Mag Giu Lug Ago Set Ott Nov Dic
2021: Gen Feb Mar Apr Mag Giu Lug Ago Set Ott Nov Dic
2020: Gen Feb Mar Apr Mag Giu Lug Ago Set Ott Nov Dic
2024: Gen Feb Mar Apr Mag Giu Lug Ago Set Ott Nov Dic
2023: Gen Feb Mar Apr Mag Giu Lug Ago Set Ott Nov Dic
2022: Gen Feb Mar Apr Mag Giu Lug Ago Set Ott Nov Dic
2021: Gen Feb Mar Apr Mag Giu Lug Ago Set Ott Nov Dic
2020: Gen Feb Mar Apr Mag Giu Lug Ago Set Ott Nov Dic
Report for 2022 Marzo
Monthly Climatological Summary for Mar 2022 Name: meteocentromacerata City: Macerata State: Italia Elevation: 275 m Lat: N 43° 17' 56" Lon: E 013° 27' 10" Temperature (°C), Rain (mm), Wind Speed (km/h) Heat Cool Avg Mean Deg Deg Wind Dom Day Temp High Time Low Time Days Days Rain Speed High Time Dir ---------------------------------------------------------------------------------- 01 3.3 7.3 13:26 0.7 04:38 15.0 0.0 0.0 2.0 18.4 14:14 S 02 5.9 12.0 14:11 1.5 06:16 12.4 0.0 0.0 1.7 14.8 11:14 WSW 03 7.8 13.4 14:19 4.8 05:52 10.5 0.0 0.0 2.6 13.3 15:11 SSE 04 5.3 8.3 08:39 2.8 22:48 13.0 0.0 1.5 1.8 17.3 12:26 W 05 3.9 8.9 14:58 1.8 05:20 14.4 0.0 1.5 1.3 13.3 16:58 SW 06 3.0 4.8 13:02 1.5 20:53 15.3 0.0 0.0 2.0 14.8 13:05 WSW 07 2.7 6.6 12:36 1.2 05:30 15.6 0.0 0.9 1.7 13.3 10:37 SW 08 3.3 7.6 14:07 0.5 04:12 15.0 0.0 0.0 1.9 24.5 11:35 SSE 09 5.7 11.7 12:47 1.7 03:04 12.6 0.0 0.0 1.7 17.3 12:55 SSW 10 9.1 16.3 13:43 4.9 01:23 9.1 0.0 0.0 1.8 17.3 23:44 SE 11 5.9 10.4 14:10 2.0 23:54 12.4 0.0 0.0 4.5 24.5 10:44 SE 12 5.4 11.0 13:02 1.1 06:00 12.9 0.0 0.0 2.7 20.9 14:23 SE 13 5.7 11.0 13:12 2.0 02:17 12.6 0.0 0.0 5.8 22.0 10:52 SE 14 8.0 15.4 13:03 3.0 02:40 10.3 0.0 0.0 3.7 18.4 08:40 SE 15 9.9 15.9 13:39 4.8 05:59 8.4 0.0 0.0 2.4 17.3 09:40 SE 16 11.5 17.6 12:50 8.1 04:12 6.8 0.0 0.0 3.6 20.9 14:30 SE 17 10.0 14.0 13:51 7.8 06:49 8.3 0.0 0.0 2.8 22.0 14:39 SE 18 9.6 12.6 14:28 7.8 04:58 8.7 0.0 0.0 1.4 17.3 12:27 NE 19 9.0 13.4 14:43 6.7 23:26 9.3 0.0 0.0 3.2 22.0 15:22 ESE 20 8.5 14.2 11:10 5.1 23:59 9.7 0.0 0.0 1.4 11.2 10:30 ESE 21 8.3 14.6 13:40 4.4 02:34 10.0 0.0 0.0 1.6 13.3 13:48 N 22 9.0 15.6 13:59 4.9 04:55 9.3 0.0 0.0 1.8 14.8 10:58 ESE 23 11.6 18.5 13:54 6.9 01:55 6.7 0.0 0.0 2.0 13.3 13:08 E 24 14.7 22.1 13:43 10.2 04:25 4.0 0.4 0.0 2.1 14.8 14:35 S 25 16.3 23.0 12:14 12.3 05:39 2.7 0.7 0.0 1.7 14.8 00:47 W 26 15.0 21.7 12:03 11.2 04:17 3.7 0.4 0.0 2.4 17.3 13:59 ENE 27 12.6 17.7 14:40 9.5 23:44 5.5 0.0 0.0 2.6 14.8 15:08 SE 28 11.0 15.6 13:45 7.4 02:41 7.3 0.0 0.0 3.3 20.9 13:12 SE 29 13.2 20.7 13:48 8.4 00:11 5.2 0.1 0.0 3.5 28.1 15:27 SSE 30 11.4 13.5 00:00 9.2 23:29 6.9 0.0 4.2 1.2 11.2 01:30 W 31 11.2 18.6 12:30 8.5 01:55 7.1 0.0 4.5 1.8 13.3 14:39 NNE ---------------------------------------------------------------------------------- 8.6 23.0 25 0.5 8 300.7 1.6 12.6 2.4 28.1 29 SE Max >= 27.0 0 Max <= 0.0 0 Min <= 0.0 0 Min <= -18.0 0 Max Rain: 4.5 on day 31 Days of Rain: 5 (>= 0.2 mm) 2 (>= 2.0 mm) 0 (>= 20.0 mm) Heat Base: 18.3 Cool Base: 18.3 Method: Integration