NOAA-Style Climate Reports
Select a Year or Month report
2024: Gen Feb Mar Apr Mag Giu Lug Ago Set Ott Nov Dic
2023: Gen Feb Mar Apr Mag Giu Lug Ago Set Ott Nov Dic
2022: Gen Feb Mar Apr Mag Giu Lug Ago Set Ott Nov Dic
2021: Gen Feb Mar Apr Mag Giu Lug Ago Set Ott Nov Dic
2020: Gen Feb Mar Apr Mag Giu Lug Ago Set Ott Nov Dic
2024: Gen Feb Mar Apr Mag Giu Lug Ago Set Ott Nov Dic
2023: Gen Feb Mar Apr Mag Giu Lug Ago Set Ott Nov Dic
2022: Gen Feb Mar Apr Mag Giu Lug Ago Set Ott Nov Dic
2021: Gen Feb Mar Apr Mag Giu Lug Ago Set Ott Nov Dic
2020: Gen Feb Mar Apr Mag Giu Lug Ago Set Ott Nov Dic
Report for 2021 Settembre
Monthly Climatological Summary for Sep 2021 Name: meteocentromacerata City: Macerata State: Italia Elevation: 275 m Lat: N 43° 17' 56" Lon: E 013° 27' 10" Temperature (°C), Rain (mm), Wind Speed (km/h) Heat Cool Avg Mean Deg Deg Wind Dom Day Temp High Time Low Time Days Days Rain Speed High Time Dir ---------------------------------------------------------------------------------- 01 20.7 26.5 13:19 15.7 06:39 0.4 2.8 0.0 1.5 14.8 16:57 N 02 21.4 28.0 13:50 17.5 06:27 0.0 3.1 0.0 2.4 13.3 09:18 SE 03 21.2 28.3 14:48 17.1 05:24 0.2 3.2 0.0 2.0 13.3 12:46 SE 04 21.0 27.2 14:40 17.9 04:53 0.0 2.7 0.0 1.8 13.3 13:52 SE 05 22.3 28.5 13:53 18.2 05:14 0.0 4.0 0.0 1.4 13.3 16:15 SE 06 22.3 28.8 15:10 18.1 06:47 0.0 4.0 0.0 1.7 13.3 03:17 E 07 22.4 28.8 15:02 18.1 06:39 0.0 4.1 0.0 1.9 11.2 08:38 ENE 08 22.3 28.9 14:59 18.5 02:27 0.0 4.0 0.0 1.4 14.8 15:54 ENE 09 22.3 29.1 14:09 18.3 02:11 0.0 4.0 0.0 2.2 13.3 17:03 ESE 10 21.9 29.6 13:17 17.8 06:02 0.0 3.6 0.6 1.9 18.4 16:44 SSW 11 22.1 27.8 12:50 18.3 05:41 0.0 3.8 0.0 1.3 13.3 13:37 ESE 12 22.7 30.0 15:17 18.0 04:29 0.0 4.4 0.0 1.3 14.8 10:54 NNW 13 24.3 31.3 15:00 18.5 05:52 0.0 6.0 0.0 1.2 13.3 13:57 NNW 14 25.7 32.9 13:45 20.8 04:31 0.0 7.4 0.0 2.4 14.8 14:08 SSE 15 26.2 31.6 14:38 22.5 05:30 0.0 7.9 0.6 3.9 25.6 22:58 W 16 24.2 26.3 15:16 21.3 22:56 0.0 5.9 0.0 3.7 22.0 17:20 SE 17 23.7 29.8 12:44 19.4 20:04 0.0 5.4 0.9 4.8 29.5 02:17 WSW 18 23.4 30.5 13:40 19.8 22:35 0.0 5.1 1.2 4.2 18.4 12:01 SW 19 22.0 28.4 14:26 18.8 21:42 0.0 3.7 0.6 3.3 24.5 23:13 SSW 20 20.5 27.1 13:57 17.1 03:47 0.2 2.3 0.0 3.2 20.9 15:22 SW 21 18.6 23.9 14:02 16.1 05:03 0.8 1.0 0.0 1.5 11.2 10:13 ESE 22 18.4 23.8 11:39 14.4 07:04 1.3 1.4 0.0 1.1 17.3 13:33 E 23 18.7 25.1 15:06 15.0 06:36 1.1 1.5 0.0 2.1 13.3 11:08 SE 24 20.4 28.8 13:20 14.4 03:56 0.9 3.0 0.0 3.3 20.9 15:32 SSE 25 22.2 28.0 13:31 18.6 04:52 0.0 3.9 0.0 2.5 17.3 12:56 SE 26 22.6 29.4 11:12 18.3 21:26 0.0 4.3 4.2 2.2 22.0 15:28 SE 27 19.4 22.3 11:41 17.3 08:06 0.1 1.2 12.0 1.9 14.8 07:52 NNW 28 20.2 25.8 14:51 17.5 07:11 0.2 2.1 0.0 1.6 14.8 12:55 NNW 29 21.4 28.3 14:54 17.3 06:27 0.0 3.1 0.0 1.8 18.4 15:44 E 30 20.7 26.7 13:41 17.2 23:32 0.1 2.6 0.0 1.3 11.2 11:52 NE ---------------------------------------------------------------------------------- 21.8 32.9 14 14.4 22 5.3 111.5 20.1 2.2 29.5 17 SSE Max >= 27.0 22 Max <= 0.0 0 Min <= 0.0 0 Min <= -18.0 0 Max Rain: 12.0 on day 27 Days of Rain: 7 (>= 0.2 mm) 2 (>= 2.0 mm) 0 (>= 20.0 mm) Heat Base: 18.3 Cool Base: 18.3 Method: Integration