NOAA-Style Climate Reports
Select a Year or Month report
2024: Gen Feb Mar Apr Mag Giu Lug Ago Set Ott Nov Dic
2023: Gen Feb Mar Apr Mag Giu Lug Ago Set Ott Nov Dic
2022: Gen Feb Mar Apr Mag Giu Lug Ago Set Ott Nov Dic
2021: Gen Feb Mar Apr Mag Giu Lug Ago Set Ott Nov Dic
2020: Gen Feb Mar Apr Mag Giu Lug Ago Set Ott Nov Dic
2024: Gen Feb Mar Apr Mag Giu Lug Ago Set Ott Nov Dic
2023: Gen Feb Mar Apr Mag Giu Lug Ago Set Ott Nov Dic
2022: Gen Feb Mar Apr Mag Giu Lug Ago Set Ott Nov Dic
2021: Gen Feb Mar Apr Mag Giu Lug Ago Set Ott Nov Dic
2020: Gen Feb Mar Apr Mag Giu Lug Ago Set Ott Nov Dic
Report for 2021 Luglio
Monthly Climatological Summary for Jul 2021 Name: meteocentromacerata City: Macerata State: Italia Elevation: 275 m Lat: N 43° 17' 56" Lon: E 013° 27' 10" Temperature (°C), Rain (mm), Wind Speed (km/h) Heat Cool Avg Mean Deg Deg Wind Dom Day Temp High Time Low Time Days Days Rain Speed High Time Dir ---------------------------------------------------------------------------------- 01 25.3 31.9 17:21 21.1 05:23 0.0 7.0 0.0 5.4 29.5 05:43 W 02 24.5 32.2 13:56 21.2 20:54 0.0 6.2 5.4 2.9 17.3 03:08 WSW 03 24.9 30.7 13:46 20.0 05:40 0.0 6.6 0.0 4.2 24.5 21:46 SE 04 25.8 30.8 13:13 21.6 21:56 0.0 7.5 0.0 4.4 25.6 05:05 SSE 05 24.5 30.8 14:07 19.2 05:33 0.0 6.2 0.0 2.4 20.9 12:24 E 06 26.7 32.5 13:42 21.5 04:55 0.0 8.4 0.0 4.0 36.7 14:12 SE 07 29.5 34.8 12:17 24.7 00:18 0.0 11.2 0.0 5.1 33.1 18:53 SE 08 30.2 35.2 10:55 26.6 04:27 0.0 11.9 0.0 3.8 25.6 15:43 SSE 09 27.1 32.9 12:07 23.0 23:59 0.0 8.8 0.0 2.7 24.5 01:10 SSE 10 26.6 32.0 15:53 22.1 04:13 0.0 8.3 0.0 2.0 18.4 11:46 NE 11 27.3 35.0 13:03 22.7 05:01 0.0 9.0 0.0 2.5 25.6 14:04 SE 12 27.2 31.8 12:23 22.9 05:32 0.0 8.9 0.0 5.3 35.6 13:31 SE 13 26.4 30.3 16:20 22.5 06:39 0.0 8.1 0.0 3.2 20.9 09:36 SE 14 24.1 30.1 12:22 20.1 05:03 0.0 5.8 0.0 4.4 28.1 01:56 W 15 23.9 30.0 11:36 19.5 05:28 0.0 5.6 0.0 3.3 24.5 13:39 S 16 22.6 28.5 13:00 18.8 06:25 0.0 4.3 1.8 2.2 25.6 15:57 SE 17 19.9 24.5 17:43 17.2 13:44 0.2 1.7 26.1 2.5 20.9 13:20 SSW 18 23.1 28.3 13:39 19.7 04:24 0.0 4.8 0.3 2.2 17.3 13:16 SE 19 23.7 29.2 14:52 20.2 04:56 0.0 5.4 1.5 1.9 18.4 17:36 SE 20 26.1 32.6 15:03 20.4 04:25 0.0 7.8 0.0 1.2 13.3 10:32 NE 21 26.4 31.1 13:51 22.5 06:43 0.0 8.1 0.0 2.8 13.3 15:37 SE 22 25.3 29.8 15:01 21.4 06:53 0.0 7.0 0.0 5.1 22.0 15:20 SE 23 26.3 32.3 12:42 21.6 05:25 0.0 8.0 0.0 2.9 20.9 15:27 SE 24 28.5 37.1 13:54 23.0 05:35 0.0 10.2 0.0 3.5 20.9 15:10 SSE 25 28.4 34.2 13:52 24.0 03:03 0.0 10.1 0.3 3.1 25.6 02:41 SE 26 28.6 32.5 16:12 25.3 07:58 0.0 10.3 0.0 5.0 31.7 13:58 SSE 27 28.6 33.1 16:41 24.7 09:43 0.0 10.3 0.0 5.4 25.6 17:16 SSE 28 30.1 34.9 13:54 25.6 06:30 0.0 11.8 0.0 4.4 25.6 13:43 SSE 29 28.4 32.7 12:46 24.4 06:38 0.0 10.1 0.0 5.1 28.1 14:44 SSE 30 29.9 36.3 12:26 25.7 05:40 0.0 11.6 0.0 4.1 22.0 15:09 SSE 31 31.1 35.8 13:16 26.4 05:55 0.0 12.8 0.0 4.0 31.7 15:24 SE ---------------------------------------------------------------------------------- 26.5 37.1 24 17.2 17 0.2 253.8 35.4 3.6 36.7 6 SSE Max >= 27.0 30 Max <= 0.0 0 Min <= 0.0 0 Min <= -18.0 0 Max Rain: 26.1 on day 17 Days of Rain: 6 (>= 0.2 mm) 2 (>= 2.0 mm) 1 (>= 20.0 mm) Heat Base: 18.3 Cool Base: 18.3 Method: Integration