NOAA-Style Climate Reports
Select a Year or Month report
2024: Gen Feb Mar Apr Mag Giu Lug Ago Set Ott Nov Dic
2023: Gen Feb Mar Apr Mag Giu Lug Ago Set Ott Nov Dic
2022: Gen Feb Mar Apr Mag Giu Lug Ago Set Ott Nov Dic
2021: Gen Feb Mar Apr Mag Giu Lug Ago Set Ott Nov Dic
2020: Gen Feb Mar Apr Mag Giu Lug Ago Set Ott Nov Dic
2024: Gen Feb Mar Apr Mag Giu Lug Ago Set Ott Nov Dic
2023: Gen Feb Mar Apr Mag Giu Lug Ago Set Ott Nov Dic
2022: Gen Feb Mar Apr Mag Giu Lug Ago Set Ott Nov Dic
2021: Gen Feb Mar Apr Mag Giu Lug Ago Set Ott Nov Dic
2020: Gen Feb Mar Apr Mag Giu Lug Ago Set Ott Nov Dic
Report for 2021 Giugnio
Monthly Climatological Summary for Jun 2021 Name: meteocentromacerata City: Macerata State: Italia Elevation: 275 m Lat: N 43° 17' 56" Lon: E 013° 27' 10" Temperature (°C), Rain (mm), Wind Speed (km/h) Heat Cool Avg Mean Deg Deg Wind Dom Day Temp High Time Low Time Days Days Rain Speed High Time Dir ---------------------------------------------------------------------------------- 15 24.7 28.3 14:11 20.5 23:52 0.0 3.5 0.0 2.5 17.3 11:45 ESE 16 24.0 30.3 15:33 18.9 02:55 0.0 5.7 0.0 1.7 13.3 12:48 SE 17 26.1 32.2 12:03 20.2 05:15 0.0 7.8 0.0 3.0 22.0 13:29 SE 18 24.3 30.6 15:57 19.0 09:23 0.0 6.0 3.6 3.2 22.0 11:32 SSE 19 27.3 33.5 12:06 23.5 04:08 0.0 9.0 0.0 3.5 22.0 06:17 WSW 20 29.1 34.5 13:16 24.8 06:00 0.0 10.8 0.0 4.0 24.5 21:12 SW 21 29.6 34.9 12:53 25.6 05:31 0.0 11.3 0.0 3.4 20.9 12:03 SE 22 28.5 32.6 14:31 24.6 06:51 0.0 10.2 0.0 5.2 22.0 01:45 SE 23 27.7 32.9 12:38 24.0 06:33 0.0 9.4 0.0 2.2 18.4 14:49 ESE 24 27.9 32.9 15:33 23.2 05:59 0.0 9.6 0.0 3.5 25.6 13:45 SE 25 25.6 29.2 11:44 22.8 23:44 0.0 7.3 0.0 5.2 29.5 13:04 SE 26 26.3 32.7 12:45 21.8 05:41 0.0 8.0 0.0 2.7 18.4 15:33 ESE 27 26.5 33.3 12:44 21.0 05:18 0.0 8.2 0.0 3.1 18.4 13:18 SE 28 26.8 32.0 11:42 22.2 05:13 0.0 8.5 0.0 5.9 28.1 10:56 SE 29 29.1 35.5 12:14 23.5 05:47 0.0 10.8 0.0 4.1 28.1 16:18 SSE 30 27.8 34.5 13:28 22.9 05:10 0.0 9.5 0.0 4.7 31.7 00:50 W ---------------------------------------------------------------------------------- 27.0 35.5 29 18.9 16 0.0 135.6 3.6 3.6 31.7 30 SSE Max >= 27.0 16 Max <= 0.0 0 Min <= 0.0 0 Min <= -18.0 0 Max Rain: 3.6 on day 18 Days of Rain: 1 (>= 0.2 mm) 1 (>= 2.0 mm) 0 (>= 20.0 mm) Heat Base: 18.3 Cool Base: 18.3 Method: Integration