NOAA-Style Climate Reports
Select a Year or Month report
2024: Gen Feb Mar Apr Mag Giu Lug Ago Set Ott Nov Dic
2023: Gen Feb Mar Apr Mag Giu Lug Ago Set Ott Nov Dic
2022: Gen Feb Mar Apr Mag Giu Lug Ago Set Ott Nov Dic
2021: Gen Feb Mar Apr Mag Giu Lug Ago Set Ott Nov Dic
2020: Gen Feb Mar Apr Mag Giu Lug Ago Set Ott Nov Dic
2024: Gen Feb Mar Apr Mag Giu Lug Ago Set Ott Nov Dic
2023: Gen Feb Mar Apr Mag Giu Lug Ago Set Ott Nov Dic
2022: Gen Feb Mar Apr Mag Giu Lug Ago Set Ott Nov Dic
2021: Gen Feb Mar Apr Mag Giu Lug Ago Set Ott Nov Dic
2020: Gen Feb Mar Apr Mag Giu Lug Ago Set Ott Nov Dic
Report for 2021 Aprile
Monthly Climatological Summary for Apr 2021 Name: meteocentromacerata.altervista.org City: Macerata State: Italy Elevation: 275 m Lat: N 43° 17' 56" Lon: E 013° 27' 10" Temperature (°C), Rain (mm), Wind Speed (km/h) Heat Cool Avg Mean Deg Deg Wind Dom Day Temp High Time Low Time Days Days Rain Speed High Time Dir ---------------------------------------------------------------------------------- 01 19.7 26.1 15:27 15.8 03:22 0.7 2.1 0.0 2.6 17.0 15:29 S 02 19.9 26.6 14:42 16.2 05:42 0.6 2.2 0.0 5.5 26.0 05:52 O 03 14.1 22.1 10:59 8.8 21:28 4.5 0.3 2.1 5.1 32.0 00:31 O 04 10.2 15.3 13:32 6.1 23:59 8.1 0.0 0.0 2.4 22.0 02:32 SE 05 9.1 14.5 13:50 5.4 05:57 9.2 0.0 0.0 4.6 26.0 17:05 SE 06 8.8 17.2 14:10 2.2 19:24 9.5 0.0 10.2 4.4 39.0 11:07 SO 07 4.9 9.8 11:17 1.7 06:50 13.4 0.0 0.0 2.0 21.0 12:54 SO 08 8.0 16.2 16:27 2.1 06:30 10.3 0.0 0.0 3.2 21.0 17:42 SSE 09 10.8 16.3 13:50 6.9 05:42 7.5 0.0 0.0 5.7 22.0 13:56 S 10 11.7 17.1 12:51 8.0 05:54 6.6 0.0 0.0 4.3 26.0 12:18 SSE 11 12.5 17.3 16:40 9.1 05:45 5.8 0.0 0.0 1.8 13.0 06:13 SE 12 12.3 17.0 14:11 9.5 04:21 6.0 0.0 5.7 3.0 18.0 17:16 SE 13 8.8 12.4 00:35 5.2 23:31 9.5 0.0 2.7 2.1 21.0 04:28 OSO 14 7.8 13.1 13:45 4.3 06:30 10.5 0.0 0.0 1.5 15.0 10:18 ESE 15 7.8 12.3 13:32 5.4 05:57 10.5 0.0 0.0 4.5 24.0 14:54 SE 16 8.9 13.1 12:46 5.2 06:25 9.4 0.0 0.0 2.5 21.0 11:51 SE 17 9.6 15.5 13:29 5.1 06:12 8.7 0.0 0.0 1.8 17.0 11:15 ESE 18 9.7 15.4 12:20 6.2 06:22 8.6 0.0 0.0 1.5 17.0 14:18 ESE 19 10.3 15.8 14:12 6.3 07:16 8.0 0.0 0.0 1.3 18.0 12:34 NE 20 11.7 17.3 11:09 7.4 00:26 6.6 0.0 0.0 2.1 15.0 16:34 SSE 21 12.8 18.1 13:38 9.0 05:54 5.5 0.0 0.0 6.8 28.0 16:22 SSE 22 12.0 15.1 13:18 9.5 05:56 6.3 0.0 0.3 2.1 21.0 12:27 SE 23 13.2 19.2 13:59 9.5 06:50 5.1 0.0 0.0 1.4 17.0 15:17 E 24 14.2 21.1 15:38 9.4 06:05 4.3 0.2 0.0 2.1 21.0 10:19 ESE 25 16.1 23.7 13:25 11.4 02:40 2.9 0.7 0.0 2.0 18.0 14:22 ESE 26 15.2 19.2 16:26 12.3 05:03 3.1 0.0 0.3 2.1 13.0 07:42 SE 27 12.0 15.1 13:57 10.3 23:09 6.3 0.0 14.1 1.1 15.0 13:33 N 28 11.8 14.5 13:51 10.1 06:27 6.5 0.0 5.4 2.1 17.0 21:05 SE 29 15.6 18.5 12:01 11.7 01:27 2.7 0.0 0.0 4.6 26.0 06:21 SSE 30 17.7 21.9 14:35 14.8 06:14 1.3 0.7 0.0 5.0 26.0 14:15 SSE ---------------------------------------------------------------------------------- 11.9 26.6 2 1.7 7 198.0 6.2 40.8 3.0 39.0 6 SSE Max >= 27.0 0 Max <= 0.0 0 Min <= 0.0 0 Min <= -18.0 0 Max Rain: 14.1 on day 27 Days of Rain: 8 (>= 0.2 mm) 6 (>= 2.0 mm) 0 (>= 20.0 mm) Heat Base: 18.3 Cool Base: 18.3 Method: Integration