NOAA-Style Climate Reports
Select a Year or Month report
2024: Gen Feb Mar Apr Mag Giu Lug Ago Set Ott Nov Dic
2023: Gen Feb Mar Apr Mag Giu Lug Ago Set Ott Nov Dic
2022: Gen Feb Mar Apr Mag Giu Lug Ago Set Ott Nov Dic
2021: Gen Feb Mar Apr Mag Giu Lug Ago Set Ott Nov Dic
2020: Gen Feb Mar Apr Mag Giu Lug Ago Set Ott Nov Dic
2024: Gen Feb Mar Apr Mag Giu Lug Ago Set Ott Nov Dic
2023: Gen Feb Mar Apr Mag Giu Lug Ago Set Ott Nov Dic
2022: Gen Feb Mar Apr Mag Giu Lug Ago Set Ott Nov Dic
2021: Gen Feb Mar Apr Mag Giu Lug Ago Set Ott Nov Dic
2020: Gen Feb Mar Apr Mag Giu Lug Ago Set Ott Nov Dic
Report for 2021 Marzo
Monthly Climatological Summary for Mar 2021 Name: meteocentromacerata.altervista.org City: Macerata State: Italy Elevation: 275 m Lat: N 43° 17' 56" Lon: E 013° 27' 10" Temperature (°C), Rain (mm), Wind Speed (km/h) Heat Cool Avg Mean Deg Deg Wind Dom Day Temp High Time Low Time Days Days Rain Speed High Time Dir ---------------------------------------------------------------------------------- 01 8.6 14.9 14:27 3.9 06:32 9.7 0.0 0.0 1.4 17.0 09:48 S 02 10.5 17.0 14:04 6.8 01:05 7.8 0.0 0.0 1.2 15.0 09:57 NE 03 10.8 17.9 13:37 6.2 06:22 7.5 0.0 0.0 1.5 15.0 14:49 ESE 04 13.2 19.8 14:45 9.4 06:50 5.2 0.1 0.0 3.2 22.0 05:43 O 05 11.9 18.5 13:50 8.7 07:00 6.4 0.0 0.0 4.6 30.0 04:04 O 06 7.3 11.0 00:10 4.0 23:52 11.0 0.0 3.3 1.6 17.0 05:09 E 07 6.1 11.7 13:47 2.5 05:30 12.2 0.0 0.0 3.0 18.0 14:31 SE 08 6.6 8.3 11:47 4.0 02:26 11.5 0.0 0.0 2.3 13.0 21:50 SE 09 6.4 7.6 00:33 4.8 22:12 11.9 0.0 25.2 1.4 11.0 17:04 SSE 10 7.3 12.0 14:02 4.4 05:28 11.0 0.0 0.0 1.7 17.0 13:42 S 11 10.4 16.4 12:45 4.0 05:55 7.9 0.0 0.0 3.5 33.0 23:43 O 12 11.7 13.3 07:58 9.5 05:40 2.3 0.0 0.0 4.6 30.0 00:06 SSO 13 13.3 18.9 14:18 9.0 06:18 5.0 0.0 2.1 4.9 26.0 23:18 OSO 14 9.8 15.5 13:04 4.1 20:56 8.5 0.0 0.3 5.1 37.0 03:30 OSO 15 8.7 15.6 14:40 3.6 06:12 9.6 0.0 2.1 1.9 15.0 00:26 SSO 16 9.5 14.7 12:32 5.9 06:00 8.8 0.0 0.0 1.5 15.0 09:46 SSE 17 8.2 14.9 12:41 4.7 06:04 10.1 0.0 0.0 2.2 21.0 14:06 SE 18 4.7 10.3 11:41 1.0 07:20 13.6 0.0 0.0 2.2 22.0 13:00 SSE 19 5.1 11.3 13:13 1.8 05:56 13.2 0.0 0.0 1.6 17.0 13:26 ESE 20 6.3 11.7 10:57 2.1 23:57 12.0 0.0 0.9 1.4 13.0 10:28 E 21 4.6 10.2 10:55 2.1 00:12 13.7 0.0 0.0 1.8 17.0 13:59 SSO 22 6.5 11.5 13:36 2.2 00:06 11.8 0.0 0.0 1.7 22.0 13:27 ESE 23 7.0 11.3 15:34 3.8 06:01 11.3 0.0 0.0 2.4 18.0 08:32 E 24 9.6 15.9 14:30 4.6 05:40 8.7 0.0 0.0 1.3 15.0 12:41 SE 25 11.9 18.5 13:39 6.8 01:52 6.4 0.0 0.0 2.5 21.0 14:09 SE 26 14.1 20.0 10:44 9.8 06:19 4.3 0.2 0.0 3.4 21.0 13:56 S 27 13.9 18.3 12:14 11.3 21:37 4.4 0.0 0.0 3.8 22.0 22:18 SO 28 13.5 18.8 13:31 9.7 05:23 4.6 0.0 0.0 3.3 18.0 12:02 SE 29 14.8 21.4 15:01 9.7 03:55 3.9 0.4 0.0 1.2 11.0 11:47 ESE 30 16.7 22.6 15:06 11.9 05:58 2.5 0.8 0.0 1.1 11.0 16:00 N 31 18.1 24.2 15:14 13.5 06:51 1.6 1.3 0.0 1.5 15.0 13:45 ESE ---------------------------------------------------------------------------------- 9.9 24.2 31 1.0 18 258.4 2.8 33.9 2.3 37.0 14 S Max >= 27.0 0 Max <= 0.0 0 Min <= 0.0 0 Min <= -18.0 0 Max Rain: 25.2 on day 9 Days of Rain: 6 (>= 0.2 mm) 4 (>= 2.0 mm) 1 (>= 20.0 mm) Heat Base: 18.3 Cool Base: 18.3 Method: Integration